 3*j = -292. Let o = -91 - -106. Calculate the remainder when f is divided by o.
13
Suppose 2*z = 16 + 20. Suppose -68*h + 329 = -61*h. What is the remainder when h is divided by z?
11
Let r(q) = q**2 + 730*q + 46282. Suppose t = 6*t - 195. What is the remainder when r(-70) is divided by t?
4
Let h(g) = -6 + 11 - 7*g + g**2 + 28. What is the remainder when 376 is divided by h(10)?
61
Let j = -18 - -72. Suppose f - j = -f. What is the remainder when 45 is divided by f?
18
Suppose 204*m - 12852 = -34*m. Calculate the remainder when 268 is divided by m.
52
Let n = 1718 + -1584. What is the remainder when 442 is divided by n?
40
Let n be -18*(-4)/((-16)/(-108)). Calculate the remainder when ((-2)/6)/((-6)/n) is divided by 0 + 3 + 1 + 5 + -2.
6
Let l(w) = 2*w**3 - 17*w**2 + 27*w - 14. Calculate the remainder when 179 is divided by l(7).
11
Let k be 1 - ((-10)/(-2) - (-22 + 28)). Let w(x) = 20*x**2 - 4*x + 4. Calculate the remainder when w(k) is divided by 17.
8
Suppose 0*u - 142 = -53*u + 918. Let g(l) = -2*l**3 - 2*l**2 + 1. Let w be g(-1). What is the remainder when u is divided by w/3*(36 - 3)?
9
Suppose 13*x + 82 = 2*c + 12*x, 0 = -5*x - 20. Suppose -c*l = -34*l - 240. Calculate the remainder when l is divided by 17.
14
Let w(f) = -2*f**3 + 8*f**2 + 6*f + 284. Let i(g) = -g**2 - g. Let t(u) = 6*i(u) + w(u). Calculate the remainder when t(0) is divided by 19.
18
Let q = -783 - -878. Suppose 0 = 2*c + 4*m - 66, 3*c - 3*m = -7*m + q. What is the remainder when 519 is divided by c?
26
Calculate the remainder when (-4)/36*4 - (-3942952)/279 is divided by 19.
15
Suppose 3*i - 18 = -3*c, -4 = -3*c + 8. Suppose 241 = 5*r + i*n, 2*n + 41 = r + 6*n. Calculate the remainder when 107 is divided by r.
9
Suppose -126*y = -130*y + 1268. Suppose s + 260 = y. What is the remainder when s is divided by 33?
24
Let r(w) = -w**3 + 9*w**2 + 26*w - 224. What is the remainder when r(6) is divided by 7?
5
Let i = 100 - 78. Let m(k) = k**3 - 22*k**2 + 2*k - 19. What is the remainder when 84 is divided by m(i)?
9
Let j be (3 - (-35)/(-15))/(4/(-54)). What is the remainder when (-3542)/(-21)*j/(-6) is divided by 65?
58
Let c(m) = m**2 + 5*m + 2. Suppose 2*d - 5 = -17. Let t be d/14 + 312/(-56). Calculate the remainder when 46 is divided by c(t).
6
Let m = 8069 + -7948. What is the remainder when 711 is divided by m?
106
What is the remainder when 6644 is divided by (-1)/6 + 4841/282?
14
Let n(f) = -2*f**3 - 4*f**2 + 2. Let r(h) = h - 14. Let i be r(17). Let t be n(i). Let v = -58 - t. Calculate the remainder when 118 is divided by v.
28
Let b(s) = -s**2 + 27*s + 56. Let r be b(29). What is the remainder when (-1 - r)*(-7 + 97 + -5) is divided by 30?
25
Suppose -2*o - 40 + 26 = 0, 3*v - o = 628. Suppose -4*g + 3*i = -92, -4*g + 100 = -0*i - i. Calculate the remainder when v is divided by g.
25
Let z = -108 - -117. What is the remainder when 335/z - (-24)/(-108) is divided by 26?
11
What is the remainder when 200 + -3 + (2 - 2) + (-3 - -12) is divided by 75?
56
Suppose 0 = -86*a - 29*a + 10005. What is the remainder when 253 is divided by a?
79
Let k(x) = -x. Let o(c) = 9*c - 8. Let q(p) = -3*k(p) - o(p). Suppose 0 = -2*a + 3*a - 50. Calculate the remainder when a is divided by q(-3).
24
Let y(x) be the second derivative of 29*x**5/4 - x**4/6 + x**3/2 - x**2 + 15*x. What is the remainder when y(1) is divided by -5 - 116/(-2) - 4?
46
Let i = 11538 - 11440. Calculate the remainder when i is divided by 98.
0
Suppose 0 = 2304*k - 2323*k + 18924. Calculate the remainder when k is divided by 465.
66
Let u = -5260 - -5271. What is the remainder when 295 is divided by u?
9
Let g(h) = -84*h - 264. Calculate the remainder when g(-5) is divided by 90.
66
Let n(y) = 8*y. Let z(v) = -1. Let f(g) = -n(g) - 3*z(g). Suppose 18*w + 0 - 185 = -41. What is the remainder when f(-3) is divided by w?
3
Let i = -679 + 709. Suppose -i*d + 2054 = 644. What is the remainder when d is divided by 6?
5
Suppose 3*q = -4*v + 45, 0 = -v + 6*q - q + 17. Suppose -6 - v = -n. Let l = n - -11. Calculate the remainder when l is divided by 10.
9
Let g = -12497 - -12524. Calculate the remainder when 403 is divided by g.
25
Suppose -51186 = -150*x + 123714. What is the remainder when x is divided by 70?
46
Let g = -2279 + 2309. What is the remainder when 1798 is divided by g?
28
Suppose 3*m - 3*j = -24, 2*m = 5*j - 14 - 14. Calculate the remainder when ((m*20)/2)/(3/(-3)) is divided by 9.
4
Suppose -2*v = 3*v - 6*v. Suppose v = 2*b - 5*h - 23, -4*b + 79 = h - 0*h. Calculate the remainder when b is divided by 2/6 + (-32)/(-3).
8
Suppose -4*w - 201 = -309. Let g be (135/75)/(3/35). Let x = g - -56. What is the remainder when x is divided by w?
23
Let x = -109 - -114. Suppose -x*f + 2*l + 378 = 0, -3*f + 4*l = -0*f - 224. Calculate the remainder when f is divided by 13.
11
Calculate the remainder when (0 - 5) + -3 + 3 + 337 + -8 is divided by 23.
2
Suppose 5*w = -r + 98 + 1205, 14 = -2*r. Calculate the remainder when 13883 is divided by w.
259
Suppose -2*m - 4*n + 256 = 0, -m - n = -2*m + 125. Let f(x) = -3*x**2 - 34*x + 36. What is the remainder when m is divided by f(-12)?
6
Suppose 3 = w + r, 5*w - 7*w = r - 5. Suppose -w*q = -113 + 107. Suppose -94 = -q*t - 13. What is the remainder when t is divided by 8?
3
Let w be (0/5)/(0 - 2). Suppose w = -33*f + 696 + 591. Calculate the remainder when f is divided by 10.
9
Let r(w) = -2*w**3 + 20*w**2 + 4*w - 2. Let q(k) = -6*k**3 - 9*k**2 - 5*k + 19. What is the remainder when q(-5) is divided by r(10)?
37
Suppose 0 = 3*s - 2*s - 5, -440 = 5*o - 5*s. Let b = 56 + o. Let h = b + 31. What is the remainder when 21 is divided by h?
1
Suppose 334*d - 26*d - 3080 = 0. Calculate the remainder when 159 is divided by d.
9
Let f(w) = -w**2 - 101*w - 734. What is the remainder when f(-25) is divided by 578?
10
Let w = -59 + 58. Calculate the remainder when 159 is divided by (-114)/152*w*4.
0
Let r = 495 - 377. Suppose -t - 110 = -9*w + 7*w, 2*w - 5*t - r = 0. What is the remainder when 161 is divided by w?
53
What is the remainder when (264/(-154))/(-2*12/1904) is divided by 64?
8
Let k(m) = -m + 13*m + 3 - 5*m - 1. Let b be k(0). Calculate the remainder when ((b - -22)/8)/(1/11) is divided by 18.
15
Suppose -3*s + 5*s = -8. Let z(c) = c**2 - 3*c + 2. What is the remainder when z(s) is divided by (41 + -49)/((-2)/4)?
14
Let o be ((-5)/5)/(2/(-34)). Let l be 10/60 + o/6. What is the remainder when 4/(60/365)*l is divided by 25?
23
Suppose 1026*f - 1022*f - 856 = 0. What is the remainder when f is divided by 80?
54
Suppose -724*q = -719*q - 205. Let l(g) = -g**2 + 9*g + 2. Suppose -4*d - 8 = -6*d. Calculate the remainder when q is divided by l(d).
19
Let r(i) = 27*i**3 - 2*i**2 + i + 2467. What is the remainder when r(0) is divided by 38?
35
Suppose 4*f - 108 = -32*f. Let w = f + 4. Calculate the remainder when 26 is divided by w.
5
Let g be 6*(8/14 + (-6)/(-63)). Suppose -5*d - 4445 - 6088 = g*z, -5*d = 5. What is the remainder when z/(-20) - (-6)/15 is divided by 34?
30
Let z = -3659 + 3728. What is the remainder when 534 is divided by z?
51
Let y(z) = 2*z**3 - 10*z**2 + 14*z + 6. Suppose 0 = 18*x - x - 357. What is the remainder when y(6) is divided by x?
15
Suppose 53*k = 49*k + 852. Let d = k + -198. What is the remainder when 89 is divided by d?
14
Let i(w) = -31*w - 1030. Let d be 81/6*260/15. Suppose 196 = 4*s - 4*p, 5*s - d = 4*p + 8. Calculate the remainder when s is divided by i(-34).
22
Suppose 764 + 2540 = 7*v. Let k = 590 - v. What is the remainder when k is divided by 61?
57
Suppose 0*m - 55*m + 188 + 87 = 0. What is the remainder when 303 is divided by m?
3
Suppose -k - 8 - 7 = -4*d, 21 = -2*k - d. Let w(x) = -5*x - 23. Let h = 39 + -34. What is the remainder when w(k) is divided by h?
2
What is the remainder when ((-33 + 30)/(-3))/(1/16) is divided by 11?
5
Let r(m) = m**3 - 5*m**2 - 7*m - 16. Let p be r(7). Let j = -29 + p. Let g = -41 + 42. What is the remainder when j is divided by g?
0
Let m(g) = g**2 + 20*g + 39. Let l be m(-11). What is the remainder when l/75 - (-898)/10 is divided by 23?
20
Let j(v) = v**2 + 15*v - 18. Suppose 2*w - 42 = 4*r, -2*r - 3*w - 47 = 2*r. Let o be j(r). Let a = 69 + o. What is the remainder when 25 is divided by a?
4
Suppose 13*